ppose -3*h + 708 = 3*f, 5*f - 1021 - 135 = k*h. Let b = f - 123. What are the prime factors of b?
2, 5, 11
Suppose -3*h + 541 = -26. Suppose -h = -0*m - m + 5*k, -2*m + 2*k = -338. Suppose 0 = -4*g - 0*g + m. List the prime factors of g.
41
Suppose -3*u + 105 = -0*x - 3*x, u = 3*x + 43. Let m be -3*5/(-5)*u. List the prime factors of (-12)/(-1 + m/102).
2, 17
Let z be -28*9/(-36)*4/14. Suppose 0 = 37*j - z*j - 18620. List the prime factors of j.
2, 7, 19
Let n be (-3882)/(-4) + 2*(-5)/20. Suppose -6*c + 224 = -n. What are the prime factors of c?
199
Let j(p) = -p**2 - 151*p + 4245. What are the prime factors of j(-140)?
5, 13, 89
Suppose 204 = 10*r + 4. List the prime factors of ((-35)/r)/(6081/2028 - 3).
7, 13
What are the prime factors of (-292)/(-6)*15168/158?
2, 73
Let r(k) = 19*k**2 + 734*k - 142. What are the prime factors of r(-59)?
22691
Suppose 11*l + 2417 = -3116. Let u = 21 - l. What are the prime factors of u?
2, 131
Let h(q) = 4*q**3 - 13*q**2 + 7*q - 23. Let z = 659 + -650. What are the prime factors of h(z)?
11, 173
Let b(t) = 15*t + 4. Let f be b(-2). Let v = f - -30. Suppose x - 6*x = -3*z - 114, -2*x - v*z = -30. List the prime factors of x.
3, 7
Suppose -3*x - 8012 = -2*f, 16*f = 11*f - 4*x + 20007. What are the prime factors of f?
4003
Suppose o - 10465 = 2*v, -4*o + 5*v - 15665 = -57519. List the prime factors of o.
3, 11, 317
Suppose 2*u = 2*p - 12, -2*p - 4*u + 42 = -0*u. Suppose -4*z - 4*x = -3052, 3024 = p*z - 7*z - 3*x. List the prime factors of z.
3, 11, 23
What are the prime factors of 4/(-7) - 308769/(-133)?
11, 211
Suppose 18 = -16*q + 82. Suppose -q*l + 745 = 3*y, y + 4 - 7 = 0. What are the prime factors of l?
2, 23
Let g = -457 - -1770. Suppose 347 = -7*n + g. What are the prime factors of n?
2, 3, 23
Suppose 0 = 2*r + 2*r - 304. Let v = r - 100. What are the prime factors of (v + 22)/(((-2)/(-125))/(-1))?
5
Let s = -12 - -19. Suppose -3*m - 1 = 2*u, 3*m = -u - 3*u + s. Let y(z) = 2*z - 1. What are the prime factors of y(u)?
7
Let y = 17953 - 2566. What are the prime factors of y?
3, 23, 223
Let w(r) = -r**2 - 5*r + 10. Let k be w(0). Suppose 0 = k*f - 5659 - 1581. List the prime factors of f.
2, 181
Let b(j) = 17*j**2 - 77*j + 6. Let z be b(8). Suppose -168*m = -170*m + z. What are the prime factors of m?
239
Suppose 15*l = 5*a + 17*l - 12623, -3*a + 3*l + 7578 = 0. Suppose p - a = -5*s - p, 4*s = 2*p + 2002. List the prime factors of s.
503
List the prime factors of (-2 - -1)*(22104/(-3))/8.
3, 307
Let n(k) = k**3 + 5*k**2 - 15*k - 9. Let s be n(-7). Let t(h) = h + 6. Let f be t(s). Suppose f*g + g = 20. What are the prime factors of g?
2
Let d be 1138/(-6)*-3 - (-13 + 9). Let q = d + 27. What are the prime factors of q?
2, 3, 5
Let t(u) = 24*u + 16. Let l be t(-6). Let n = 139 + l. Suppose n*k - 78 = 5*k. What are the prime factors of k?
13
Suppose -2*f - 845 = 5*k - 7057, -3*k - 5*f = -3750. What are the prime factors of k?
2, 5, 31
Let z(g) = -53*g - 33. Let c be z(-1). List the prime factors of (-211)/(4 + ((-145)/c - -3)).
2, 211
Let z be 9/(-4) - 1 - (-1)/4. Let a = 671 + z. List the prime factors of a.
2, 167
Let u(b) = b**3 - b**2 + 4*b + 5. Let s be u(4). Suppose 12*l = 16*l - 504. Let x = l - s. What are the prime factors of x?
3, 19
Let z be -1*4*5/(20/(-3)). Suppose -z*g - 5*q = -0*q - 725, -4*g = 3*q - 985. What are the prime factors of (-1)/((-2)/(-4))*g/(-20)?
5
Let k(o) = -4*o - 101. Let g be k(-35). Suppose g*u - 30*u = 6768. What are the prime factors of u?
2, 47
Let q be (5/(-2))/((-2)/4 - 0). Suppose -5*b = 2*g + 16, -q*g + 2*b + 7 = -11. Suppose 375 = g*l + l. List the prime factors of l.
5
Let b be 17/68 - (-2471)/4. List the prime factors of (-3)/((-315)/b - (-1)/2).
3, 103
Suppose r - 5675 = -2*v, 5*r = -4*v - 15248 + 43599. What are the prime factors of r?
3, 1889
Let i = -665 - -3932. What are the prime factors of i?
3, 11
Suppose 2*r - 11606 = -3*h, 7728 = 2*h - 78*r + 77*r. What are the prime factors of h?
2, 1933
Let b be (2/(-3))/(196/(-24) - -8). Suppose 5*f - 2*x = -b*x + 137, -5*x - 130 = -5*f. List the prime factors of f.
3
Suppose 1 = -2*s - 43. Let f = 1006 - 852. Let m = s + f. List the prime factors of m.
2, 3, 11
Suppose 0 = 44*u - 3*u + 7260 - 462524. What are the prime factors of u?
2, 347
Suppose -5*o + 35 = 0, 17*j - 142719 = 14*j - 3*o. List the prime factors of j.
2, 17, 1399
What are the prime factors of ((-2)/8 + 3/((-72)/546))*-880?
2, 5, 11, 23
Let a = -381 - -457. List the prime factors of 5*-32*(-703)/a.
2, 5, 37
Let r(a) = a**3 - 6*a**2 + 6*a + 4. Let z be r(5). Suppose 1715 = z*u + 455. Let n = u + -78. What are the prime factors of n?
2, 31
Let k(u) = -6*u + 10. Let x be k(0). Suppose -x*r + 12 = -4*r. Suppose 3*w + 280 = 5*w - 3*l, l - 280 = -r*w. What are the prime factors of w?
2, 5, 7
Let t(g) = -g**3 + 6*g**2 + 3*g. Let s be t(5). Let u(v) = -44 - 6*v + s + 13*v - 47. What are the prime factors of u(12)?
3, 11
Suppose 5*d - 2*h - 5 = 26, d = -4*h + 15. Suppose 0*y - 784 = -d*y. Let s = y - 56. What are the prime factors of s?
2, 7
Let s = -205 + 970. Let p = 1072 - s. List the prime factors of p.
307
Suppose -18*k + 20*k = -24. Let y be (-80)/k*708/5. Suppose -11*s + 7*s = -y. List the prime factors of s.
2, 59
Let z be -1 + -2 + 0/(-1) + 27. Let q = -30 + z. What are the prime factors of q/(-4) - (-13)/2?
2
Let v = 76 + 218. Let b = -160 + v. Suppose -462 = -2*m + b. What are the prime factors of m?
2, 149
Suppose -h - 1 = 0, 4430 = 3*y - 6*h + 4*h. Let x = -952 + y. List the prime factors of x.
2, 131
Let g = -74 + 5401. What are the prime factors of g?
7, 761
List the prime factors of (495/(-88))/(-15) - 277850/(-16).
2, 19, 457
Let f be 0 + 9 + -11 + 1 + 1258. Let m = f - 721. List the prime factors of m.
2, 67
Suppose 60*p - 348892 = 62168. What are the prime factors of p?
13, 17, 31
Let n = 16598 + -13327. List the prime factors of n.
3271
Let h(k) = 32*k**2 + 8*k + 12. Let w be 6 + -5 - 0 - 2*2. List the prime factors of h(w).
2, 3, 23
Let q(u) = 8*u - 66. Let c be q(-20). Let k = c + 334. Suppose 0 = -19*i + 7*i + k. List the prime factors of i.
3
Let x = -83 + 107. Suppose g = -5, -4*f - x - 48 = 4*g. Let t(w) = -2*w**2 - 30*w - 29. List the prime factors of t(f).
23
Let h(y) = -60*y - 51. Let k(q) = -q**3 - 17*q**2 - 40*q + 20. Let v be k(-14). List the prime factors of h(v).
3, 11, 13
Suppose -73833 = 18*w - 26*w + 15287. List the prime factors of w.
2, 5, 557
What are the prime factors of ((-153)/36 - -4)/(-1 - 0)*170612?
13, 17, 193
Suppose -212 = -5*w - 2*y, -55 = -3*w + 3*y + 68. Let v = -48 - -27. Let t = w - v. List the prime factors of t.
3, 7
Suppose -4*d - 2*l + 6*l = 2944, l = -d - 738. Let n = -348 - d. What are the prime factors of n?
389
Let i = -534 + 13832. What are the prime factors of i?
2, 61, 109
Let f(j) = -25*j. Let q be f(-2). Let c(o) = 4*o - 2. Let w be c(2). Suppose w*y - q = y. What are the prime factors of y?
2, 5
Let b be 1/(-7) + 301/49. Suppose -t + q = -57, 4*t - 188 = -b*q + 2*q. Suppose 4*x = 5*x - t. List the prime factors of x.
2, 13
Let a = -39513 - -55531. List the prime factors of a.
2, 8009
Suppose 0 = -l - 5*y - 39, -6*l = -l - 2*y + 87. Let j be 92/6 - l/(-57). Let x = j + 22. List the prime factors of x.
37
Let n(p) = p**3 + 40*p**2 - 299*p - 86. List the prime factors of n(-35).
2, 2063
Let d be (-51)/34 - (-50)/(-4). Let k = -16 - d. Let m(p) = -5*p**3 + p**2 + 2*p + 3. List the prime factors of m(k).
43
Let z = -24096 + 71151. List the prime factors of z.
3, 5, 3137
Let p(g) = g**2 + 10 + 29*g - 89*g + 25*g + 25*g + g**3. List the prime factors of p(-4).
2
Let y(d) = 64*d**3 - 17*d**2 + 15*d + 17. Let m(z) = -32*z**3 + 9*z**2 - 8*z - 9. Let a(o) = 11*m(o) + 6*y(o). List the prime factors of a(2).
251
Let f(z) = -13*z**3 + z**2 - 2. Suppose 4*a + 15 = 3*s - 60, 4*s + 2*a = 100. Suppose 4 = -27*u + s*u. List the prime factors of f(u).
2, 53
What are the prime factors of ((-119)/(-51) - 3)*-36255?
2, 5, 2417
Suppose -2*h = 3*d - d - 8, 0 = -h + 4*d - 16. Suppose -5*n + 108 + 1267 = h. What are the prime factors of n?
5, 11
What are the prime factors of (-4588407)/(-54) - -35 - (-1 + 21/6)?
167, 509
Let u = -6 - -9. Suppose -u*t = -2*o + 596, o + 3*t = -2*t + 298. List the prime factors of o.
2,